
Let y = 109 + -86. What is the remainder when y is divided by 9?
5
Let v = 85 + -77. Calculate the remainder when v is divided by (-10)/((-3)/((-3)/(-2))).
3
Suppose 13 = -3*x + 4*x. Suppose w + 3*q + 2 = 0, -q + x = w - 3*q. What is the remainder when w is divided by 3?
1
Suppose 3*x - 88 = x. Calculate the remainder when x is divided by (-44 + -2)*3/(-6).
21
Let j(r) = r + 19. Let g be j(0). Suppose 17 + g = 3*u. Suppose 0 = -0*p + 2*p - 14. What is the remainder when u is divided by p?
5
Calculate the remainder when 18 is divided by (-3)/(-2)*(-6)/8*-8.
0
Let z = 14 + -9. Suppose 4*r = 73 - z. What is the remainder when 31 is divided by r?
14
Suppose m - 5*t - 35 = 0, 3*m + 8*t - 65 = 3*t. What is the remainder when 148 is divided by m?
23
Suppose -3*n - 2*t + 36 = -1, 2*t = -5*n + 55. What is the remainder when (5 + -3)/(2/25) is divided by n?
7
Let f(o) = -o + 15. What is the remainder when 6 is divided by f(11)?
2
Calculate the remainder when 96 is divided by (-7 + 26 - 3) + 1 + 3.
16
Let j(b) = b - 1. Calculate the remainder when 66 is divided by j(15).
10
Suppose 0 = -9*g + 399 + 168. Calculate the remainder when g is divided by 13.
11
Let i = -14 - -8. Let t(v) = -v**2 - 12*v - 8. What is the remainder when t(i) is divided by 10?
8
Calculate the remainder when 45 is divided by (-6)/(-1 + 4/10) + 0.
5
Suppose 6*t = -29 + 227. Suppose -2*v + 3*y + 3 + 18 = 0, 64 = 3*v + 2*y. What is the remainder when t is divided by v?
15
Let k = 102 - 54. What is the remainder when k is divided by 14?
6
Let j = 71 - 42. What is the remainder when j is divided by (-6)/(-21)*(26 + 2)?
5
Let z be 4 - (0 - -2 - 1). Suppose 0*w + 1 = -f + w, -4*f = -z*w. Suppose 0 = v - 6 + f. What is the remainder when 7 is divided by v?
1
What is the remainder when 53 is divided by 15 + -2 + 2 + -1?
11
Let z(s) = -3*s**2 - s - 2. Let v be z(-2). Let b be -1 - 1/(1/v). Let l = -8 + b. What is the remainder when 7 is divided by l?
1
Let u be (-4)/10 - (-6)/(-10). Let o(p) = 6*p. Let b be o(u). What is the remainder when (b/15)/(2/(-120)) is divided by 13?
11
Suppose -s + 66 = s. Let t = 23 + -23. Suppose 2*z - 4*v = 4*z - 28, t = -2*z - 5*v + s. What is the remainder when 11 is divided by z?
3
Suppose 5*j - 4*v = 40, -2*v - 3 - 3 = j. Suppose -j*g - 4*n + 27 = -3*n, 12 = 3*g - 2*n. What is the remainder when (-52)/(-3) - 2/6 is divided by g?
5
What is the remainder when 64 is divided by 33/77 + (-148)/(-14)?
9
Let u(r) = 4 - 2*r - 1 + 2. Let d be u(4). Let m = d - -5. Calculate the remainder when 4 is divided by m.
0
Suppose -18*w = -25*w + 287. Calculate the remainder when w is divided by 7.
6
Let a = -4 + -3. Let u = 3 - a. What is the remainder when 29 is divided by u?
9
Let y(r) = -r**3 + 4*r + 1. What is the remainder when y(-4) is divided by 10?
9
Suppose 0 = -t + 14 + 66. Suppose -4*m + t = 12. What is the remainder when 32 is divided by m?
15
Let r be (1*2)/(8/4). Let b be 0*r/2 - -6. Let m = 5 + b. Calculate the remainder when 20 is divided by m.
9
Let i(w) = -w**3 - 21*w**2 + 24*w + 50. Calculate the remainder when 59 is divided by i(-22).
5
Suppose -3*i + 34 + 35 = 4*u, -u + 3 = 0. Suppose 4*p - 10 = 6. Let z = 11 - p. What is the remainder when i is divided by z?
5
Let y(j) = j**3 - j**2 - j - 9. Suppose 0*x = 3*x. Let v be y(x). What is the remainder when 13 is divided by (-23)/(-3) - v/27?
5
Suppose 5*k + 20 = 0, -3*z + 0 + 9 = 3*k. Calculate the remainder when 25 is divided by z.
4
Let d = -21 + 67. What is the remainder when d is divided by 28?
18
Suppose 0 = -4*h + 3*h + 38. Suppose -2*y = -4*y + h. What is the remainder when y is divided by (-1 + -7)*55/(-44)?
9
Let i(o) = -5*o + o + 9*o**2 + 8 + o**3 - 4*o. Let b be i(-9). Suppose 0*y = 4*y - b. Calculate the remainder when 38 is divided by y.
18
Suppose -4*x - 20 = 0, 0 = -c - 2*x + 3*x - 15. Let f(t) = t**2 - t + 14. Calculate the remainder when f(0) is divided by (1 + 1)/((-8)/c).
4
Let p(j) = 5*j - 8. Calculate the remainder when 108 is divided by p(6).
20
Let d = 17 - 6. Suppose -12 = -5*w + 2*w. Suppose 0 = -4*m - 2*s - 1 + 39, -m + 27 = w*s. Calculate the remainder when d is divided by m.
4
Suppose 260 = 5*f - 4*l - l, -2*l = 6. Suppose 5*v - 3*v - 14 = 0. Suppose -4*u = -v*u + 51. Calculate the remainder when f is divided by u.
15
Let z(k) = 4*k**2 + k - 6. Calculate the remainder when 45 is divided by z(2).
9
Let m(a) be the third derivative of a**4/12 - 5*a**3/6 + 2*a**2. Let b be (-1*1)/(4/(-16)). Calculate the remainder when 7 is divided by m(b).
1
Let n(o) = 10*o**2 - 3*o - 2. Let s be n(-2). Suppose 120 = 5*q + k, -q - k + s = 16. What is the remainder when q is divided by 6?
5
Suppose -8 = -4*l - 2*q + 6*q, -19 = -2*l - 3*q. Calculate the remainder when l is divided by 3.
2
Let b = -11 + 21. Let j = 247 - 239. What is the remainder when j is divided by (b/(-4))/(1/(-2))?
3
Suppose -489 = -5*b + o + o, -3*o - 189 = -2*b. What is the remainder when b is divided by 26?
21
Let t = 61 - 51. Calculate the remainder when 17 is divided by t.
7
Suppose -7*g + 269 = -2*g + 4*o, -3*g + 3*o + 156 = 0. Calculate the remainder when g is divided by 28.
25
Suppose -k - 3*m = -93 + 12, -290 = -4*k + 5*m. Calculate the remainder when k is divided by 16.
11
Suppose w - 105 = -4*w. What is the remainder when w is divided by 6?
3
Let w = 14 - 1. Let g be 1 + (1 - 0) - 29. Let p = 51 + g. Calculate the remainder when p is divided by w.
11
Let f(o) = o**2 - 5*o + 7. Let c be f(7). Let b = c + 3. What is the remainder when 70 is divided by b?
22
Let z = -2 - -3. Let b be (5 + 4)*1 + -4. Suppose -3 = -b*p + 2. Calculate the remainder when p is divided by z.
0
Let k(h) = 8*h**2 - 11*h + 6. Calculate the remainder when k(5) is divided by 19.
18
Suppose -125 = -5*i + 5*b - 0*b, 5*i - b - 105 = 0. Suppose -45 = 9*z - 108. Calculate the remainder when i is divided by z.
6
What is the remainder when 13 is divided by (-2)/((6/7)/(-3))?
6
Let u(l) = -9*l - 1. Let t be u(-1). Suppose 4*z - 5*p + 10 = -2, 0 = -4*z + 4*p - t. Suppose -d - z + 7 = 0. What is the remainder when 8 is divided by d?
3
Let v(a) = 4*a**2 - a - 1. Suppose x + 47 - 49 = 0. Suppose -2*n + 3*n = 5*r + 10, -n + 10 = x*r. Calculate the remainder when v(-2) is divided by n.
7
Let b be (-4 - -5) + (10 - 1). What is the remainder when 2 - 1 - (-230)/b is divided by 13?
11
Let p = 20 - -4. What is the remainder when p is divided by 9?
6
Let t = 13 + 61. What is the remainder when t is divided by 25?
24
Suppose 4*r - 5*y - 271 = 0, -5*r + 3*y + 341 = -y. What is the remainder when r is divided by 15?
9
Suppose y = 4*y - 30. Let c(n) = n**2 + 24*n**2 + 13*n**2. Calculate the remainder when c(-1) is divided by y.
8
Suppose 0 = -3*v + 9, -3*r + 89 = -r - v. Suppose -2*d - 2 = -10. Suppose -2*n = 4*y - 68, y + 3*n - d*n = 14. What is the remainder when r is divided by y?
14
Let n(q) = -q**3 - q**2 + q + 100. Calculate the remainder when n(0) is divided by 34.
32
Suppose 2*i + 40 = 3*h, -4*i + 74 = 4*h + h. Suppose 2*t = -0*t + 8. Calculate the remainder when h is divided by t.
2
Suppose -3*w - 2*m + 31 = 0, 3*w + 6*m - 3*m - 33 = 0. Calculate the remainder when 15 is divided by w.
6
Suppose 5*p = 4*y + 19, -4*p + 10 = y - 1. Suppose -4 - 2 = -p*g. What is the remainder when g is divided by 1?
0
Let h be 14/4 + 3/(-6). Suppose -3*k - 3*d = -24, h*d - 8 = -2*k + 3*k. Suppose k*l - 2*l - 36 = 0. Calculate the remainder when l is divided by 7.
4
Suppose -5*p = -2*p - 102. Suppose d - p = -d. Calculate the remainder when 48 is divided by d.
14
Suppose -4*h - 4*h = -88. Suppose v - 41 = -0. Calculate the remainder when v is divided by h.
8
Let t be 68 - -2 - (0 + -1). Calculate the remainder when t/2 - (-1)/(-2) is divided by (-1)/(6/(-4))*18.
11
Let s = 30 - 20. Calculate the remainder when 130 is divided by 164/5 + 2/s.
31
Let j(u) = -1 - 2*u**3 + 0 + 0*u**3. What is the remainder when 1 is divided by j(-1)?
0
Let g(u) = u**3 - 8*u**2 + 5*u - 7. Let s be g(8). Let b be (22/(-3))/((-2)/(-6)). Let i = b + s. Calculate the remainder when i is divided by 4.
3
Suppose 4*d = 3*v - 32, -3*v = -8*d + 3*d - 37. Suppose v*p - 22 = 22. Calculate the remainder when 19 is divided by p.
8
Let l(b) = b**2 - 19*b + 6. What is the remainder when l(26) is divided by 38?
36
Let p